ase 14) to base 15.
ad14
What is -1111000000100010 (base 2) in base 9?
-103284
What is -976 (base 11) in base 9?
-1542
What is -24a (base 14) in base 8?
-712
Convert -20212 (base 4) to base 15.
-26a
Convert 1101111100 (base 2) to base 16.
37c
10010201 (base 4) to base 5
1013143
Convert -4270 (base 10) to base 7.
-15310
What is -250 (base 14) in base 7?
-1230
3504 (base 6) to base 8
1500
1102211 (base 3) to base 6
4504
What is 10643 (base 7) in base 16?
aa6
What is -270a (base 12) in base 9?
-6121
What is -33306 (base 11) in base 3?
-2110020100
Convert -11220 (base 4) to base 14.
-1ba
-199 (base 15) to base 3
-111200
12147 (base 10) to base 2
10111101110011
What is 158b (base 16) in base 6?
41311
Convert 1 (base 8) to base 9.
1
Convert 1957 (base 14) to base 15.
155a
-1102102 (base 3) to base 12
-725
Convert e8b (base 15) to base 12.
1a95
Convert -1992 (base 11) to base 7.
-10231
Convert 42a9 (base 16) to base 2.
100001010101001
Convert 2030222 (base 4) to base 8.
21452
What is -7866 (base 10) in base 12?
-4676
1202 (base 6) to base 9
352
Convert -7166 (base 11) to base 13.
-4437
Convert cb (base 15) to base 4.
2333
What is -21232 (base 4) in base 9?
-761
-15bb (base 16) to base 8
-12673
What is -252210 (base 6) in base 14?
-8302
What is -58e4 (base 16) in base 4?
-11203210
70724 (base 8) to base 14
a896
What is 35 (base 12) in base 3?
1112
Convert 507 (base 12) to base 10.
727
Convert -1020020020 (base 3) to base 9.
-36206
-10010000000001 (base 2) to base 6
-110401
What is 1110111 (base 2) in base 11?
a9
What is bff (base 16) in base 11?
2342
-1102011201 (base 3) to base 14
-a1db
What is 608 (base 10) in base 8?
1140
-33761 (base 9) to base 4
-11133130
8009 (base 12) to base 10
13833
Convert 10a3 (base 16) to base 14.
17a3
-9888 (base 12) to base 10
-16808
Convert 13031232 (base 4) to base 5.
1421200
What is 10221221 (base 4) in base 5?
1102144
Convert 7e (base 16) to base 12.
a6
What is -3033 (base 15) in base 3?
-111221210
120 (base 3) to base 7
21
Convert 2502 (base 8) to base 11.
1014
-4708 (base 11) to base 8
-14043
573 (base 11) to base 7
1666
Convert 22 (base 8) to base 6.
30
231101 (base 5) to base 15
26bb
Convert -463 (base 9) to base 12.
-279
4172 (base 11) to base 6
41324
a568 (base 12) to base 9
26718
Convert -1b1c3 (base 14) to base 8.
-206547
21438 (base 9) to base 7
56300
Convert -20100221 (base 3) to base 15.
-1597
Convert -10220010112 (base 3) to base 5.
-4423030
-2710 (base 9) to base 4
-133302
22245 (base 8) to base 9
13773
4405 (base 9) to base 3
11110012
-5165 (base 7) to base 2
-11100010011
-21010 (base 3) to base 13
-11a
114425 (base 7) to base 6
240135
Convert 1407 (base 9) to base 12.
744
210055 (base 6) to base 13
78b9
1011101010 (base 2) to base 7
2114
Convert 4451 (base 9) to base 5.
101121
Convert ba9 (base 15) to base 5.
41014
604 (base 9) to base 7
1300
2222 (base 11) to base 15
d03
Convert -8ca4 (base 14) to base 7.
-131164
What is -10102100 (base 3) in base 8?
-4675
13213 (base 4) to base 13
2b6
105122 (base 7) to base 16
489b
-19029 (base 10) to base 5
-1102104
-2522 (base 10) to base 8
-4732
What is -1a8b (base 14) in base 13?
-2274
Convert -cece (base 16) to base 6.
-1045034
Convert 598b (base 13) to base 3.
122022110
Convert -2670 (base 11) to base 5.
-102330
-11010020 (base 3) to base 2
-101110111011
What is 271 (base 16) in base 13?
391
Convert 5c5 (base 14) to base 16.
481
-1002102 (base 3) to base 11
-662
What is -5605 (base 8) in base 16?
-b85
Convert -4819 (base 11) to base 8.
-14250
Convert -c8 (base 14) to base 8.
-260
What is 11743 (base 8) in base 5?
130331
What is -411 (base 9) in base 5?
-2314
Convert 1246 (base 9) to base 12.
659
-2454 (base 6) to base 2
-1001100010
What is 100011 (base 4) in base 9?
1363
-11314 (base 5) to base 2
-1101000010
What is 5cc (base 14) in base 6?
5212
150a8 (base 11) to base 2
101001110100110
Convert 1415 (base 11) to base 13.
aab
Convert 1260 (base 7) to base 6.
2123
-521 (base 9) to base 11
-356
1424 (base 14) to base 10
3560
What is -510 (base 9) in base 12?
-2a6
What is -132213 (base 6) in base 2?
-10111110010001
Convert -323532 (base 7) to base 16.
-dcc8
Convert -782 (base 9) to base 4.
-22001
Convert -1604 (base 14) to base 16.
-f54
5971 (base 16) to base 10
22897
Convert 118 (base 11) to base 5.
1030
754 (base 8) to base 10
492
What is 5319 (base 15) in base 7?
102144
10938 (base 11) to base 6
201003
-121121 (base 4) to base 12
-b35
2681 (base 9) to base 13
bc2
-1542 (base 7) to base 5
-4433
Convert 11100001011 (base 2) to base 5.
24203
Convert 1666 (base 12) to base 6.
20210
-2ba (base 16) to base 4
-22322
What is -100001010011 (base 2) in base 5?
-32011
Convert 3d0 (base 14) to base 15.
365
11001011 (base 2) to base 7
410
Convert 49e7 (base 16) to base 2.
100100111100111
Convert -4212 (base 8) to base 11.
-1708
What is -264 (base 13) in base 11?
-352
Convert 20211221 (base 3) to base 11.
382a
-281 (base 11) to base 5
-2311
Convert 219 (base 16) to base 8.
1031
Convert 1512 (base 11) to base 5.
30244
-358 (base 14) to base 9
-820
-396 (base 15) to base 11
-682
What is 37 (base 16) in base 3?
2001
What is 4024 (base 11) in base 6?
40434
What is 2680 (base 14) in base 7?
25520
Convert 26 (base 12) to base 8.
36
Convert 7072 (base 9) to base 12.
2ba8
Convert 246c (base 15) to base 5.
222002
Convert 121221 (base 3) to base 9.
557
Convert -14415 (base 6) to base 16.
-90b
What is -615 (base 12) in base 14?
-46d
1110001011 (base 2) to base 9
1217
Convert -1277 (base 9) to base 4.
-33001
Convert -ab6 (base 16) to base 4.
-222312
385 (base 15) to base 7
2222
Convert 1143 (base 9) to base 7.
2322
What is -3aa (base 16) in base 5?
-12223
Convert 17476 (base 10) to base 12.
a144
What is -20212000 (base 3) in base 7?
-20364
Convert -122220 (base 3) to base 4.
-13203
Convert 24322 (base 5) to base 6.
12301
Convert 4511 (base 6) to base 15.
4a1
-513 (base 10) to base 6
-2213
Convert 3c8 (base 14) to base 2.
1011111100
What is -643 (base 8) in base 16?
-1a3
Convert -399 (base 16) to base 5.
-12141
Convert -4550 (base 6) to base 10.
-1074
Convert 1da5 (base 14) to base 5.
133222
-1323 (base 4) to base 6
-323
19112 (base 10) to base 11
133a5
-207 (base 12) to base 5
-2140
-2041 (base 8) to base 5
-13212
Convert 24133 (base 8) to base 12.
5b8b
What is -114400 (base 6) in base 15?
-2ec0
What is -2a9 (base 14) in base 13?
-328
What is -14733 (base 12) in base 6?
-340503
Convert 3133 (base 6) to base 13.
423
What is 19179 (base 10) in base 13?
8964
-10232 (base 4) to base 16
-12e
What is 220122 (base 3) in base 7?
1640
Convert 70e6 (base 15) to base 5.
1230331
-2111 (base 7) to base 14
-3b1
-325 (base 16) to base 14
-417
Convert 537 (base 15) to base 5.
14202
What is 19591 (base 10) in base 15?
5c11
-220211 (base 4) to base 10
-2597
Convert 12426 (base 10) to base 4.
3002022
-7550 (base 10) to base 2
-1110101111110
376 (base 9) to base 6
1240
-103405 (base 6) to base 9
-12675
What is 3791 (base 15) in base 16?
2e3c
Convert -15133 (base 9) to base 15.
-30cc
What is 1267 (base 10) in base 5?
20032
What is 433 (base 14) in base 12?
591
Convert 175d (base 15) to base 7.
20455
What is -2447 (base 10) in base 6?
-15155
2102210 (base 3) to base 8
3360
-197 (base 16) to base 5
-3112
What is 142b (base 13) in base 2?
101101011110
What is -2103 (base 4) in base 3?
-12110
What is 11202 (base 4) in base 13?
213
18c8 (base 13) to base 4
322001
Convert -741b (base 15) to base 4.
-11333213
What is 10000010000100 (base 2) in base 3?
102102022
What is 1133 (base 7) in base 8?
640
Convert -10343 (base 7) to base 11.
-1a35
Convert 2a9 (base 13) to base 2.
111011101
-9c2 (base 13) to base 5
-23204
What is -111313 (base 6) in base 14?
-35db
Convert -8a6a (base 12) to base 4.
-3233302
Convert -1130 (base 4) to base 10.
-92
Convert 20300 (base 4) to base 2.
1000110000
What is 200211 (base 3) in base 12?
364
What is 1778 (base 14) in base 7?
15211
Convert 63266 (base 8) to base 13.
bc78
Convert -11b7 (base 12) to base 3.
-2202111
488 (base 10) to base 3
200002
What is 96 (base 13) in base 16?
7b
Convert 33 (base 15) to base 7.
66
Convert -8506 (base 16) to base 9.
-51637
What is -4236 (base 11) in base 7?
-22225
-29ba (base 13) to base 3
-22022202
Convert -232 (base 10) to base 12.
-174
What is 543